14
Suppose 3 = b - 11. Let o = 203 + -77. What is the highest common divisor of o and b?
14
Let r(t) = 2*t**2 - 8*t - 6. Let d be r(6). Suppose -3*h + 62 + 52 = 0. Let p = h - d. Calculate the greatest common divisor of 10 and p.
10
Let l be ((-3 + 4)*13)/1. Calculate the greatest common divisor of 65 and l.
13
Let g be (14/5)/(128/20 - 6). Let o be 72/5 - (-4)/(-10). What is the greatest common divisor of g and o?
7
Let k be -16*(-3)/3 - 4. What is the greatest common factor of 108 and k?
12
Let c(s) = s**2 + 9*s + 6. Let k be c(-11). Calculate the highest common divisor of 4 and k.
4
Let k(s) = -s**3 - 5*s**2 + 7. Let m be k(-5). What is the greatest common divisor of m and 63?
7
Let a be (8 + -2)/(16/264). Calculate the highest common factor of 9 and a.
9
Suppose -5*p + 69 + 61 = 0. Calculate the greatest common factor of 39 and p.
13
Let m be (-1)/(5/(-15)) + 245. Calculate the highest common factor of m and 31.
31
Let h(w) = w**2 + 7*w + 4. Let q be h(-7). Let l be 2 - (-6)/(-3) - -20. Calculate the highest common divisor of l and q.
4
Suppose -3*g = 2*y - 35, 0*g - 4*g + 2*y = -28. What is the highest common factor of g and 63?
9
Let b = 51 + 47. Calculate the greatest common divisor of 147 and b.
49
Suppose 2*q = 4*u - 46, -q + 60 = -4*q + 3*u. Let k = q + 29. What is the greatest common divisor of 24 and k?
12
Let j = 26 - -3. Calculate the greatest common factor of 58 and j.
29
Suppose -3*u = -0*u - 48. Suppose 0*c = -4*c + 3*l + 1, c = 4*l - u. Let p be 24 - (-5)/((-10)/c). What is the greatest common factor of p and 11?
11
Let x = -3 - -2. Let s = x - -1. Let a be (-13 + -1)/(-1) + s. Calculate the highest common factor of 140 and a.
14
Suppose 126 = 19*k - 292. Calculate the highest common factor of k and 6.
2
Suppose 0 = 3*f + 3 - 21. What is the greatest common divisor of f and 12?
6
Let n = -3 + 5. Suppose 4 = n*j + 14, -5*g + 5*j = -55. Let m be 14/8 + g/(-8). What is the highest common divisor of 4 and m?
1
Let r be 17 - 8 - 2*2. Calculate the greatest common factor of 55 and r.
5
Suppose 0 = 3*x + 2*x - 15. Suppose 7 = x*t - 2. Suppose -f = 2*f - 27. Calculate the highest common divisor of f and t.
3
Let y(v) = -21*v**2 - 2*v - 3. Let m be y(3). Let u be (m/4)/(9/(-12)). Let q = -2 - -8. Calculate the greatest common factor of q and u.
6
Suppose 0*s + 56 = s. Let n(i) = i**2 - 5*i - 10. Let x be n(8). What is the highest common divisor of x and s?
14
Suppose 5 = 3*r - 25. Suppose 0 = 2*o + 54 - 254. Calculate the highest common divisor of o and r.
10
Let d be 5/(5/12) + 1. Let w(o) = 4*o**2 - o + 7. Let u be w(-6). Suppose 103 + u = 2*t. What is the highest common factor of d and t?
13
Let k = 42 + -20. Suppose k = 2*b + 6. Let y = 4 - 0. What is the greatest common factor of y and b?
4
Suppose -52 = -a - 5*u, -3*a + 380 = 2*a - 5*u. Let x be ((-14)/4)/((-2)/a). Calculate the greatest common factor of x and 14.
14
Let g = -87 + 99. What is the greatest common divisor of 60 and g?
12
Let j be 2 + 0 + -2 + 0. Suppose 0 = -5*f - j + 10. Suppose -24 = -3*u + f*u. Calculate the greatest common divisor of 3 and u.
3
Let l be 77/21 + 2 + (-8)/3. Calculate the greatest common factor of l and 27.
3
Let o = 46 - 35. Calculate the highest common divisor of o and 11.
11
Suppose -15 = 2*t - 3*t - 3*b, 3*t - 3*b - 9 = 0. What is the greatest common factor of t and 6?
6
Suppose 5*w = 2*w + 9, 2*w - 230 = -4*a. Suppose -4*x + a = -24. Calculate the highest common factor of x and 20.
20
Let b(j) = -1 - 30*j + 2 + 1 - 5. Let w be b(-4). Calculate the highest common factor of w and 13.
13
Let t be 6*2*-3*-1. Let n be 4/6 - (-70)/3. What is the highest common divisor of n and t?
12
Let y = -19 + 74. Calculate the highest common factor of 5 and y.
5
Let s be 2 + 0 - 2*108/(-2). What is the highest common divisor of s and 11?
11
Suppose 0 = 2*a - 4*a + 24. Let r be ((-8)/(-3))/(a/90). What is the greatest common factor of r and 5?
5
Let k be (-98)/(-6) + (-8)/24. Calculate the highest common factor of 2 and k.
2
Let n be (-8)/8 - 1*-3. Suppose -11 = -n*z - 3. Suppose f + 2*v = -3, 0 = 3*f - 7*f - z*v - 4. What is the highest common factor of f and 5?
1
Suppose 23 = -2*s + 47. Let l = 371 + -263. Calculate the greatest common divisor of l and s.
12
Let s be (-1)/2 + (-90)/(-4) + 0. What is the greatest common factor of s and 22?
22
Let c(j) = j**2 + 3*j - 16. Let z be 1/(-3)*-3 - 0. Let d(g) = 1. Let o(n) = z*c(n) + 6*d(n). Let t be o(-7). Calculate the highest common divisor of 6 and t.
6
Suppose 0 = 3*a - 1 + 25. Let l(s) = s**3 - 5*s**2 + s - 3. Let v be l(4). Let z = a - v. What is the highest common divisor of z and 14?
7
Let m = 26 - 18. Suppose -3*r + 53 = -43. What is the highest common factor of m and r?
8
Let s be 2 - -111 - (6 - 5). Calculate the highest common divisor of 28 and s.
28
Let m = 27 + -13. What is the greatest common factor of m and 2?
2
Let u = -22 + 37. Let q be (-30)/7*(60/(-4) + 8). What is the highest common factor of u and q?
15
Let t be 4/(-3)*3/(-2). Suppose d - 43 = -t*s, 4*d = 2*s + 3*s - 88. Let n = 20 - 12. What is the highest common factor of s and n?
4
Let z = 147 + -59. Suppose 0 = -p + 3*p - z. Suppose 0*d = -4*d + p. What is the highest common factor of 77 and d?
11
Suppose -2*y - 7 = -3*f - 3*y, f - 4*y = 24. Let m(w) = -f + 6 + 3*w + w**3 - 4*w. Let q be m(2). What is the highest common factor of q and 40?
8
Let g(v) = v**2 + 8*v + 4. Let d be g(-12). What is the greatest common factor of d and 130?
26
Let y(i) = 3*i + 3. Let z be y(-3). Let g(w) = 2*w**2 + 4*w - 8. Let b be g(z). Calculate the greatest common divisor of b and 10.
10
Suppose -41 = -3*j - 5*i, 3*j - 47 = -4*i + 2*i. What is the highest common divisor of j and 119?
17
Let h be (18/(-7))/((-27)/630). What is the highest common divisor of h and 12?
12
Suppose 0 = 4*y - 3*k - 18, 5*y - 29 = -2*k + 5. Calculate the greatest common factor of y and 18.
6
Let d = 3 + -4. Let w be 42*6/(d - -3). What is the greatest common factor of 14 and w?
14
Let r be 8/5*15/2. Let g(d) = d. Let i(b) = -7*b + 1. Let a(s) = -3*g(s) - i(s). Let j be a(1). What is the highest common factor of j and r?
3
Let j = 30 + -21. Suppose y = 2*y - j. What is the highest common divisor of y and 72?
9
Suppose -4*c + 126 = -2*c. What is the greatest common divisor of c and 7?
7
Let b = 154 - 74. Suppose -4*f + 8*f = b. Let g = f + -14. What is the greatest common divisor of 66 and g?
6
Let w(p) = -p**2 - p + 10. Let c be w(0). Let j = 46 - 26. What is the greatest common factor of c and j?
10
Let w = -3 - -3. Suppose w = -r - t - 3, -3*r = t - 3 + 4. Calculate the highest common divisor of 3 and r.
1
Suppose -o - 110 = -5*t, 0 = 3*t - t + 4*o - 44. Calculate the greatest common factor of 66 and t.
22
Let h(v) = v + 32. Suppose 0 = 3*d - m - 2, 4*d - 6*m - 10 = -m. Suppose 4*j + 0*j = d. Let x be h(j). What is the greatest common divisor of 8 and x?
8
Suppose g = -3*j + 5*g + 5, -3 = -5*j + 4*g. Let p = -3 + 5. Let z = p + j. What is the highest common divisor of z and 8?
1
Let m = 44 + -24. Suppose -n = x, 0 = 3*x - 3*n - 5 - 1. Let c be -5*1*-1*x. What is the highest common factor of m and c?
5
Suppose 2*v - 6 = -0*v. Suppose v*x + 24 = 7*x. Calculate the highest common factor of 6 and x.
6
Let b = 10 + -6. Let y be (1*2)/(b/16). What is the highest common factor of 56 and y?
8
Suppose 6*v + 4 = 40. Calculate the highest common factor of v and 78.
6
Let h = 924 - 570. Suppose -5*o = -1424 + h. Suppose -5*v + o = -391. Calculate the highest common divisor of v and 11.
11
Let v = -3 - -5. Suppose w - 98 = -3*b - 3*w, 0 = -b - v*w + 34. Let n = b + -17. What is the highest common factor of n and 39?
13
Suppose 0 = 2*k - 4*k + 136. Let o be -17*6*(-1)/1. What is the highest common divisor of k and o?
34
Let w be (3 - 2)/((-8)/(-120)). What is the greatest common factor of w and 3?
3
Let d(p) = -10*p - 3. Let z be d(-2). What is the greatest common factor of 34 and z?
17
Let x = 33 + -27. What is the highest common divisor of 42 and x?
6
Suppose -11 = 3*w - 53. Suppose -2*r = r - 462. Calculate the highest common divisor of w and r.
14
Let q(l) = 6*l - 17. Let y be q(7). What is the highest common factor of 5 and y?
5
Suppose -3*w - 1588 = w. Let l = w + 587. What is the great